ivide g?
False
Let x(a) = 2*a**3 + a**2 + 2*a + 93. Is 15 a factor of x(0)?
False
Does 9 divide 16/(-4) + 9 - -148?
True
Let m(s) = 2*s. Let c be m(5). Let d(y) = y**3 - 9*y**2 - 8*y + 5. Is d(c) a multiple of 9?
False
Let d(j) = j**3 + j**2 - 3*j - 2. Let y be d(-2). Suppose y = a - 3*a + 64. Is a a multiple of 16?
True
Let z = 13 + -4. Is 8 a factor of (-16)/6*z/(-1)?
True
Does 8 divide (-9)/((-180)/(-64))*-30?
True
Let p be 153/6 - 1/(-2). Suppose -c - 2*c + 45 = 0. Let x = p - c. Is 6 a factor of x?
False
Suppose -2*o + 4 = 2. Does 25 divide (0 + 0 - o)*-50?
True
Suppose -3*c = -m + 40, -m + 10 = c - 14. Suppose -20 = u - 2*u + 4*w, 4*w = 3*u - m. Is u a multiple of 2?
True
Let j be (-2 - -1 - 2)*-1. Suppose -11 = j*v - 107. Suppose -2*t + 0*t - 2*d = -40, -t + 3*d + v = 0. Is t a multiple of 14?
False
Let y(z) = z**3 - 3*z**2 - 2. Is y(6) a multiple of 28?
False
Let v be 226/1 - (0 - 0). Suppose 8 = 4*f, -2*o + 3*f + v = -0*f. Suppose o = 5*p - p. Does 17 divide p?
False
Let l = 85 + -55. Suppose 0*u + 172 = 4*u. Let s = u - l. Does 5 divide s?
False
Let x(s) = -s - 1. Let i(d) = 2*d - 7. Let r(g) = -i(g) - 3*x(g). Let q be r(-7). Does 6 divide (-14)/(-3)*q - 1?
False
Let p(w) = -w**2 + 16*w - 22. Let j be p(17). Let t = -27 - -14. Let m = t - j. Is m a multiple of 7?
False
Let g(z) = -z**2 + 4*z + 1. Let s be g(3). Suppose 0 = -4*b + 3*b - 4*v - 10, 2*b - 4*v = s. Is 11 a factor of 2 + (0 - 34/b)?
False
Suppose 328 = 3*b + b. Suppose 0 = -z + 2*v + b, -3*v - 57 - 26 = -z. Suppose 7*f - z = 5*f. Does 20 divide f?
True
Suppose -5*r = 4*z - 196, -2*r = z - 3*r - 40. Is 14 a factor of z?
False
Let x be (5 + -1)*(-1)/(-2). Let d = x - 3. Let j(q) = -4*q + 1. Is j(d) a multiple of 2?
False
Let m be 16/3 + (-8)/6. Suppose -2*b - 5*q + 125 = 0, 0 = -m*b + 5*b - 3*q - 79. Is 14 a factor of b?
True
Is 18 a factor of ((-136)/(-6))/((-4)/(-12))?
False
Suppose 3*q = -3*d + 291, 3*d - 281 = -0*q + 2*q. Does 9 divide d?
False
Suppose 2*g - 62 = 54. Does 10 divide g?
False
Let c(k) be the third derivative of 7*k**6/360 + k**5/40 - k**4/8 + 2*k**2. Let p(f) be the second derivative of c(f). Is 17 a factor of p(3)?
False
Suppose f = -2*u + 13, u - 4*f + 2*f = 9. Does 7 divide u?
True
Let c = 1 - 12. Let s = c - -43. Is 10 a factor of s?
False
Let w(r) = r + 5. Let b(v) = 35*v**2 - v - 1. Let i be b(-1). Suppose -4*q = q - i. Is 12 a factor of w(q)?
True
Suppose 0 = 2*z - 2 - 16. Is z a multiple of 9?
True
Let u = -11 + 19. Suppose u*w - 40 = 4*w. Suppose 0 = -b - 0 + w. Is b a multiple of 10?
True
Let t(q) = q + 5. Let h(z) = -z**3 - 2*z**2 - 2*z + 1. Let p be h(-2). Let w be t(p). Suppose 0 = 4*f - 34 + w. Is 4 a factor of f?
False
Let v be 2016/(-15) + (-2)/(-5). Let y = -96 - v. Is y a multiple of 19?
True
Let g be (-10)/25 - 254/(-10). Let u = -15 + g. Is 5 a factor of u?
True
Suppose 61 = 5*w + 4*k, 2*w - 67 = -3*w + 2*k. Let q = w - 9. Suppose 2*z = 2*d + 26, 3*d - q*d = 3*z - 35. Is z a multiple of 5?
False
Suppose -2*u + 1 = -9. Suppose 3*l + 17 = q + 2*l, -u*q = -3*l - 79. Does 5 divide q?
False
Suppose 0 = -3*j + 6*j. Suppose -c + 3 + 14 = j. Is c a multiple of 4?
False
Let g be 2/(-2)*848/4. Let o = 380 + g. Suppose -3*v = v - o. Is v a multiple of 17?
False
Suppose -3*c + 7*c = -392. Let r = c - -156. Is r a multiple of 16?
False
Suppose 0 = -15*j + 10*j - 15. Let y(u) = -u**3 + 2*u**2 + 2*u + 4. Is y(j) a multiple of 14?
False
Let i(u) = 52*u - 4. Does 11 divide i(1)?
False
Let p(n) = n + 36. Does 13 divide p(12)?
False
Let d(i) = -2*i - 4. Let l be d(-4). Let r be l/(-14) + 30/7. Suppose -4*z = -6*j + r*j - 58, 3*z + 4*j = 16. Is 12 a factor of z?
True
Let p be 6/3 + 3 + 0. Suppose -p*g + 51 + 44 = 0. Does 10 divide g?
False
Let u = 10 - -1. Suppose -2*n + 3*f + u = 0, -44 = n - 6*n + 2*f. Does 5 divide n?
True
Let g(a) = -a**2 + a + 4. Let y be g(0). Suppose 36 = 4*q + y*k, -q - 5 = 5*k - 22. Does 7 divide q?
True
Suppose 2*v - 210 + 37 = -3*a, -4*v - 264 = -4*a. Is 61 a factor of a?
True
Suppose 188 = i + 47. Is i a multiple of 47?
True
Let a = 11 + -6. Let t(w) = 3*w - 3 + a*w**2 + 0*w + 0*w + 0*w. Is t(2) a multiple of 12?
False
Suppose 4*u + u - 845 = -2*q, -5*u - 4*q + 845 = 0. Is u a multiple of 21?
False
Let m(s) = 4*s**2 - 2*s + 3. Let w be m(3). Suppose -3*t = -2*l + w, 5*l + 0*t = -4*t + 25. Does 7 divide l?
False
Suppose 0 = a + 3*i - 33, -4*i - 3 = -2*a + 63. Is 33 a factor of a?
True
Suppose 4*f = -0*f + 20. Suppose 3*s - f - 13 = 0. Suppose 2*r - s*r = -36. Does 5 divide r?
False
Let c = -4 + 4. Suppose c*d = -4*b - 4*d + 88, 3*d - 30 = -b. Is 6 a factor of b?
True
Let o(t) = t - 5. Let v be o(-7). Is ((v + 3)*-1)/1 a multiple of 6?
False
Let t = -2 - 0. Let v(q) = -10*q + 1. Is 11 a factor of v(t)?
False
Let b(r) = -r**2 + 10*r + 9. Let h be b(11). Is 26 a factor of h/14 - 982/(-14)?
False
Suppose -4*q - 5 = c, 0*c = 5*c - 3*q + 2. Let p be 0*(c - 2/(-4)). Suppose -5*z = 3*v - 24 - 16, -3*z + 5*v + 24 = p. Is 6 a factor of z?
False
Let x be (0/(-2))/3 + 1. Let m(d) = -d - 1. Let k(h) = -11*h - 3. Let r(s) = -k(s) + 3*m(s). Is 4 a factor of r(x)?
True
Suppose 118 + 473 = -3*p. Let n = -121 - p. Is n a multiple of 19?
True
Suppose -2*p = -2*h - 130, 0 = 4*p - p + 2*h - 180. Does 20 divide p?
False
Suppose 4*t = -3*v + 86, -4*t - 9 = -2*v + 55. Is v a multiple of 10?
True
Let h(s) = 3*s**2 - 11*s - 3. Let z(g) = -5*g**2 + 21*g + 7. Let l(b) = 7*h(b) + 4*z(b). Let p be l(-6). Suppose -p = v - 69. Is v a multiple of 24?
False
Let d(y) be the second derivative of -y**5/20 - y**4/3 - y**3/6 - 2*y**2 - 3*y. Let q be d(-4). Suppose q*s - 5*s = -45. Does 7 divide s?
False
Let w = 28 - 10. Is w a multiple of 9?
True
Is 28 a factor of (-21 - -11)*(-84)/10?
True
Let z(d) = d**2 - d. Let y be z(0). Suppose -4*s + 12 + 0 = y. Is s a multiple of 2?
False
Let i(r) be the second derivative of 0 + r - 1/2*r**3 - 7/2*r**2. Does 8 divide i(-5)?
True
Let h be ((-8)/6)/((-24)/54). Suppose -90 - 81 = -h*f. Is 19 a factor of f?
True
Suppose -g - 14 = -3*g. Let m(z) = 4 + 2 + z - 2. Is m(g) a multiple of 6?
False
Let h(w) = -w**3 + 7*w**2 + 9*w - 4. Is h(6) a multiple of 43?
True
Let m(x) = 36*x + 29. Does 11 divide m(5)?
True
Suppose -22 = -i + 2*t - 4, -4*i + 2*t + 78 = 0. Is i a multiple of 20?
True
Suppose 72*g - 68*g = 12. Is 3 a factor of g?
True
Let q(d) = 19*d**2 - 2*d. Let i be q(-2). Suppose 3*h - i = -4*k + h, -2*h + 40 = 2*k. Suppose 2*x = 3*f + 38, -f - 4*f = -k. Does 10 divide x?
False
Let h = 0 + 3. Is h/(-2)*(-138)/9 a multiple of 14?
False
Let k(h) = -2*h + 14. Is k(-5) a multiple of 6?
True
Suppose -v + 5*x + 30 = 0, 5*x = -5*v - 0*x. Suppose -5*u + 6 + 20 = -a, 21 = v*u + 4*a. Suppose u*h + 5*d - 35 = 0, -3*h = -4*d - 16 - 12. Is 3 a factor of h?
False
Let b = 9 + -67. Let x = b + 92. Is 17 a factor of x?
True
Suppose 0 = 4*x - 4*j - 58 - 66, 5*x - 156 = 4*j. Suppose -5*c + 2*l + 7 = -19, l = -5*c + x. Is c a multiple of 6?
True
Let a be (-3 - 0)*(-4)/6. Let g(c) = 2 + 2 - 5 - a*c. Does 8 divide g(-5)?
False
Suppose -5*w + 33 = -37. Is 11 a factor of w?
False
Let d = 190 - 69. Is 11 a factor of d?
True
Let l(i) be the first derivative of 4*i**3/3 - i**2 - 2*i - 3. Does 18 divide l(-2)?
True
Let o(p) be the second derivative of p**4/6 + p**2 - p. Let s(a) = -a**3 - 9*a**2 - 7*a + 6. Let t be s(-8). Does 10 divide o(t)?
True
Suppose 3*h = 5*a + 19 + 89, -217 = -5*h - 4*a. Is 17 a factor of h?
False
Does 33 divide (-12)/(1 + 2) + 103?
True
Let d be ((-1)/1)/((-2)/10). Suppose 22 = 3*w - d*k, -5*w + k = 6*k - 90. Is w a multiple of 7?
True
Let h(b) = -b**3 - 4*b**2. Let s be h(-4). Suppose -5*t + 3*y + 106 = s, -2*t + 4*y + 68 = t. Is t a multiple of 11?
False
Suppose 25*g - 21*g = 68. Is 4 a factor of g?
False
Let f(p) = 3*p - 3. Let w be f(2). Suppose -w*q + 10 = y, 5*q + 6 = -3*y + 7*y. Suppose 8 + 28 = y*t. Is 5 a factor of t?
False
Let o(w) be the second derivative of -w**4/12 + w**3/6 + 3*w**2/2 - w. Let u be o(-6). Let a = u + 61. Is a a multiple of 11?
True
Let f = 150 - 102. Is f a multiple of 12?
True
Let l(v) = -v**2 + 6*v + 6. Let h be l(-5). Suppose 0 = -4*r + 123 + 209. Let n = r + h. Does 17 divide n?
True
Let x(m) = 3*m + 1 + 4*m - 2*m + m**3 + 10*m**2. Let d be x(-9). Suppose 0 = q + h - d, -3*q - q - 3*h + 144 = 0